mon factor of 23 and 943.
23
Calculate the greatest common factor of 2 and 158.
2
Calculate the greatest common factor of 1573 and 4862.
143
What is the highest common factor of 62 and 10?
2
What is the highest common factor of 558 and 24?
6
What is the greatest common factor of 5994 and 162?
162
What is the highest common divisor of 110 and 88?
22
What is the greatest common factor of 404 and 707?
101
What is the highest common divisor of 806 and 62?
62
What is the highest common divisor of 1256 and 1099?
157
Calculate the highest common factor of 1734 and 17.
17
What is the highest common factor of 72 and 480?
24
Calculate the highest common divisor of 1045 and 165.
55
What is the highest common factor of 30 and 250?
10
Calculate the greatest common divisor of 6396 and 2706.
246
What is the highest common divisor of 3570 and 51?
51
What is the highest common factor of 582 and 1552?
194
What is the highest common factor of 96 and 176?
16
Calculate the greatest common divisor of 114 and 2850.
114
What is the greatest common divisor of 15 and 110?
5
What is the greatest common factor of 54 and 14?
2
Calculate the highest common factor of 44 and 99.
11
Calculate the highest common divisor of 122 and 6.
2
What is the highest common factor of 366 and 610?
122
Calculate the highest common divisor of 164 and 16.
4
Calculate the highest common factor of 7578 and 126.
18
What is the greatest common divisor of 60 and 75?
15
What is the greatest common factor of 20 and 110?
10
Calculate the greatest common divisor of 78 and 18.
6
What is the greatest common divisor of 3565 and 4495?
155
What is the greatest common divisor of 189 and 35?
7
Calculate the greatest common divisor of 36 and 612.
36
Calculate the highest common factor of 12 and 732.
12
What is the highest common factor of 5176 and 8?
8
What is the highest common divisor of 300 and 12?
12
What is the highest common divisor of 416 and 112?
16
Calculate the highest common divisor of 95 and 171.
19
Calculate the highest common factor of 3330 and 90.
90
What is the highest common factor of 18 and 60?
6
What is the greatest common factor of 135 and 36?
9
Calculate the highest common factor of 29 and 2059.
29
Calculate the greatest common factor of 162 and 432.
54
Calculate the highest common factor of 11 and 979.
11
Calculate the greatest common factor of 15 and 201.
3
What is the highest common divisor of 3355 and 110?
55
Calculate the greatest common factor of 28561 and 13.
13
What is the greatest common divisor of 370 and 80?
10
Calculate the highest common divisor of 38 and 178.
2
Calculate the highest common factor of 742 and 106.
106
Calculate the highest common divisor of 18 and 34434.
18
What is the greatest common factor of 66 and 6501?
33
Calculate the greatest common divisor of 1 and 5.
1
What is the highest common factor of 26 and 7826?
26
What is the greatest common divisor of 615 and 45?
15
Calculate the highest common divisor of 3996 and 48.
12
What is the greatest common factor of 16 and 12?
4
What is the highest common divisor of 42 and 1806?
42
Calculate the greatest common divisor of 1008 and 22.
2
Calculate the highest common divisor of 153 and 34.
17
Calculate the highest common factor of 1884 and 108.
12
Calculate the highest common factor of 132 and 198.
66
Calculate the greatest common factor of 1224 and 1071.
153
Calculate the highest common factor of 3633 and 63.
21
What is the greatest common factor of 40 and 15?
5
Calculate the greatest common divisor of 1204 and 8127.
301
What is the greatest common factor of 4 and 12?
4
Calculate the highest common divisor of 1397 and 22.
11
Calculate the greatest common factor of 30 and 1830.
30
Calculate the highest common factor of 1330 and 98.
14
What is the highest common factor of 42 and 7812?
42
What is the greatest common factor of 44 and 5?
1
What is the greatest common factor of 1595 and 77?
11
Calculate the greatest common factor of 17 and 22984.
17
Calculate the greatest common divisor of 9083 and 2344.
293
Calculate the highest common factor of 314 and 2041.
157
What is the highest common factor of 84 and 7524?
12
What is the highest common factor of 1968 and 48?
48
What is the greatest common divisor of 99 and 3069?
99
Calculate the highest common factor of 400 and 216.
8
What is the greatest common divisor of 19168 and 64?
32
Calculate the highest common divisor of 14 and 56.
14
Calculate the greatest common divisor of 1410 and 12.
6
Calculate the greatest common divisor of 255 and 45.
15
Calculate the highest common divisor of 36 and 300.
12
What is the highest common factor of 27 and 3267?
27
Calculate the highest common divisor of 7758 and 36.
18
What is the greatest common divisor of 121 and 264?
11
Calculate the greatest common divisor of 82 and 2.
2
Calculate the greatest common factor of 25201 and 158.
79
Calculate the greatest common factor of 27 and 93339.
27
What is the greatest common divisor of 130 and 3302?
26
What is the greatest common divisor of 5542 and 68?
34
Calculate the highest common divisor of 47 and 1457.
47
Calculate the greatest common factor of 345 and 69.
69
What is the greatest common divisor of 320 and 220?
20
Calculate the highest common divisor of 33 and 15.
3
What is the highest common divisor of 18 and 954?
18
Calculate the greatest common factor of 2265 and 15.
15
What is the highest common factor of 594 and 486?
54
Calculate the highest common factor of 24 and 2712.
24
What is the greatest common divisor of 15 and 3345?
15
Calculate the highest common factor of 6684 and 12.
12
What is the greatest common factor of 312 and 32?
8
Calculate the greatest common factor of 425 and 10.
5
What is the greatest common divisor of 77 and 19789?
77
Calculate the greatest common factor of 637 and 686.
49
What is the greatest common factor of 170 and 160?
10
What is the highest common factor of 2736 and 96?
48
Calculate the highest common divisor of 1173 and 51.
51
Calculate the greatest common divisor of 15 and 18435.
15
What is the greatest common factor of 175 and 2975?
175
Calculate the highest common factor of 191 and 2.
1
What is the greatest common factor of 174 and 12?
6
What is the greatest common divisor of 104 and 91?
13
Calculate the highest common factor of 1591 and 129.
43
What is the highest common divisor of 4 and 58?
2
Calculate the highest common factor of 8 and 1048.
8
Calculate the greatest common divisor of 63 and 171.
9
What is the highest common divisor of 3660 and 315?
15
Calculate the highest common divisor of 90 and 20.
10
Calculate the highest common factor of 1617 and 22.
11
What is the highest common divisor of 141 and 376?
47
Calculate the highest common factor of 875 and 275.
25
Calculate the highest common factor of 606 and 7171.
101
What is the greatest common factor of 20 and 130?
10
What is the highest common factor of 11829 and 3?
3
Calculate the highest common factor of 1326 and 156.
78
Calculate the greatest common divisor of 36 and 6228.
36
Calculate the greatest common factor of 1071 and 238.
119
Calculate the highest common factor of 9 and 3279.
3
What is the greatest common factor of 4896 and 1008?
144
What is the greatest common divisor of 14 and 56?
14
Calculate the highest common factor of 36 and 24.
12
Calculate the highest common divisor of 593 and 6.
1
What is the greatest common divisor of 26 and 65?
13
What is the greatest common factor of 340 and 400?
20
Calculate the greatest common factor of 78 and 21476.
26
Calculate the highest common factor of 108 and 603.
9
What is the highest common divisor of 1040 and 2210?
130
Calculate the highest common factor of 300 and 7400.
100
Calculate the greatest common factor of 2072 and 224.
56
Calculate the greatest common factor of 3456 and 2916.
108
Calculate the highest common factor of 29 and 493.
29
What is the highest common divisor of 110 and 630?
10
Calculate the greatest common factor of 216 and 228.
12
What is the greatest common divisor of 36 and 12294?
18
Calculate the highest common divisor of 22 and 11.
11
What is the greatest common divisor of 138 and 12?
6
Calculate the greatest common divisor of 216 and 8.
8
What is the highest common factor of 528 and 192?
48
Calculate the highest common fa